31
What are the prime factors of 748175?
5, 29927
List the prime factors of 1057359.
3, 47, 7499
List the prime factors of 653948.
2, 163487
What are the prime factors of 30434640?
2, 3, 5, 211, 601
What are the prime factors of 465689?
7, 71, 937
List the prime factors of 21101131.
17, 1241243
What are the prime factors of 12343084?
2, 13, 19, 31
List the prime factors of 11955256.
2, 19, 78653
What are the prime factors of 88395?
3, 5, 71, 83
List the prime factors of 5341925.
5, 157, 1361
List the prime factors of 587729.
31, 18959
What are the prime factors of 146419?
7, 13, 1609
What are the prime factors of 580949?
569, 1021
List the prime factors of 1844561.
37, 49853
List the prime factors of 310887.
3, 34543
List the prime factors of 467228.
2, 17, 6871
What are the prime factors of 1433163?
3, 477721
What are the prime factors of 2661457?
2661457
What are the prime factors of 4010804?
2, 7, 143243
What are the prime factors of 26608244?
2, 13, 71, 7207
What are the prime factors of 1666159?
11, 167, 907
What are the prime factors of 3316247?
11, 27407
What are the prime factors of 1248167?
19, 179, 367
List the prime factors of 12143031.
3, 1753, 2309
What are the prime factors of 667117?
11, 60647
List the prime factors of 1966351.
317, 6203
List the prime factors of 141152.
2, 11, 401
What are the prime factors of 24157533?
3, 8052511
What are the prime factors of 161862?
2, 3, 53, 509
List the prime factors of 186.
2, 3, 31
What are the prime factors of 2358960?
2, 3, 5, 9829
List the prime factors of 75697.
59, 1283
What are the prime factors of 764703?
3, 84967
List the prime factors of 53936.
2, 3371
List the prime factors of 636955.
5, 11, 37, 313
List the prime factors of 9575350.
2, 5, 191507
List the prime factors of 364759.
364759
List the prime factors of 2118304.
2, 53, 1249
What are the prime factors of 23387129?
227, 269, 383
List the prime factors of 103821.
3, 34607
List the prime factors of 5017752.
2, 3, 69691
What are the prime factors of 6672841?
7, 59, 107, 151
What are the prime factors of 3542214?
2, 3, 13, 45413
What are the prime factors of 534231?
3, 59359
List the prime factors of 7975793.
7, 1033, 1103
What are the prime factors of 1918798?
2, 7, 23, 59, 101
List the prime factors of 420308.
2, 7, 17, 883
What are the prime factors of 1110800?
2, 5, 2777
What are the prime factors of 218837?
53, 4129
What are the prime factors of 81612?
2, 3, 2267
List the prime factors of 1622227.
107, 15161
List the prime factors of 1095025.
5, 43801
What are the prime factors of 1161953?
13, 89381
List the prime factors of 918154.
2, 41, 11197
What are the prime factors of 6219?
3, 691
What are the prime factors of 3519090?
2, 3, 5, 61, 641
What are the prime factors of 5528450?
2, 5, 110569
What are the prime factors of 20524362?
2, 3, 3420727
List the prime factors of 7489690.
2, 5, 13, 17, 3389
What are the prime factors of 4863370?
2, 5, 59, 8243
What are the prime factors of 18998690?
2, 5, 17, 23, 43, 113
What are the prime factors of 381062?
2, 11, 17321
What are the prime factors of 882807?
3, 294269
What are the prime factors of 128492?
2, 7, 13, 353
List the prime factors of 2540169.
3, 282241
What are the prime factors of 1079406?
2, 3, 2221
List the prime factors of 9983476.
2, 2495869
List the prime factors of 800841.
3, 266947
List the prime factors of 1614576.
2, 3, 33637
What are the prime factors of 14236380?
2, 3, 5, 139, 569
What are the prime factors of 149701?
19, 7879
What are the prime factors of 1312007?
19, 199, 347
What are the prime factors of 6996318?
2, 3, 7, 53, 449
What are the prime factors of 1628511?
3, 542837
List the prime factors of 5148.
2, 3, 11, 13
List the prime factors of 696456.
2, 3, 17, 569
What are the prime factors of 181369?
67, 2707
What are the prime factors of 178434?
2, 3, 23, 431
What are the prime factors of 48538?
2, 7, 3467
What are the prime factors of 684299?
7, 11, 8887
List the prime factors of 1149653.
67, 17159
List the prime factors of 1747654.
2, 367, 2381
List the prime factors of 4736988.
2, 3, 23, 1907
List the prime factors of 162540.
2, 3, 5, 7, 43
List the prime factors of 446588.
2, 97, 1151
List the prime factors of 616336.
2, 7, 5503
List the prime factors of 3758082.
2, 3, 626347
What are the prime factors of 1194045?
3, 5, 23, 3461
What are the prime factors of 651221?
651221
List the prime factors of 1862838.
2, 3, 3833
What are the prime factors of 22334021?
22334021
What are the prime factors of 31085?
5, 6217
List the prime factors of 7433171.
7433171
List the prime factors of 3698313.
3, 1232771
What are the prime factors of 4468416?
2, 3, 17, 37
What are the prime factors of 309917?
79, 3923
What are the prime factors of 14191185?
3, 5, 946079
List the prime factors of 1268660.
2, 5, 229, 277
What are the prime factors of 5163077?
5163077
List the prime factors of 23397.
3, 11, 709
What are the prime factors of 2075840?
2, 5, 13, 499
List the prime factors of 693744.
2, 3, 97, 149
What are the prime factors of 563948?
2, 7, 11, 1831
What are the prime factors of 245949?
3, 11, 29, 257
List the prime factors of 134869.
7, 19267
What are the prime factors of 154618?
2, 97, 797
What are the prime factors of 12428451?
3, 7, 19, 3461
What are the prime factors of 933312?
2, 3, 4861
List the prime factors of 8661997.
8661997
What are the prime factors of 185548?
2, 11, 4217
What are the prime factors of 260434?
2, 197, 661
List the prime factors of 268124.
2, 17, 3943
List the prime factors of 697488.
2, 3, 11, 1321
What are the prime factors of 4581629?
13, 197, 1789
What are the prime factors of 15353851?
1453, 10567
What are the prime factors of 764672?
2, 29, 103
List the prime factors of 23061275.
5, 922451
What are the prime factors of 32075263?
11, 37, 78809
What are the prime factors of 6483570?
2, 3, 5, 216119
List the prime factors of 68992.
2, 7, 11
List the prime factors of 1950673.
19, 102667
List the prime factors of 1569752.
2, 239, 821
What are the prime factors of 10069818?
2, 3, 11, 271, 563
List the prime factors of 799729.
7, 19, 859
What are the prime factors of 17305779?
3, 17, 29, 11701
List the prime factors of 32210161.
2789, 11549
What are the prime factors of 257092?
2, 11, 5843
List the prime factors of 5186173.
17, 305069
List the prime factors of 775839.
3, 258613
What are the prime factors of 21143467?
47, 349, 1289
What are the prime factors of 291667?
263, 1109
List the prime factors of 106959.
3, 101, 353
What are the prime factors of 3971458?
2, 1985729
List the prime factors of 5197262.
2, 7, 371233
What are the prime factors of 9536740?
2, 5, 61, 7817
List the prime factors of 216387.
3, 24043
What are the prime factors of 129152?
2, 1009
List the prime factors of 7699750.
2, 5, 19, 1621
What are the prime factors of 101526?
2, 3, 16921
List the prime factors of 3337215.
3, 5, 7, 37, 859
List the prime factors of 2295462.
2, 3, 13, 29429
What are the prime factors of 497775?
3, 5, 6637
What are the prime factors of 132364?
2, 33091
What are the prime factors of 208680?
2, 3, 5, 37, 47
List the prime factors of 728916.
2, 3, 19, 23, 139
What are the prime factors of 12192952?
2, 1524119
What are the prime factors of 571374?
2, 3, 3527
List the prime factors of 9222679.
337, 27367
What are the prime factors of 3801890?
2, 5, 380189
What are the prime factors of 11479071?
3, 241, 15877
What are the prime factors of 3982110?
2, 3, 5, 11, 1097
What are the prime factors of 148271?
67, 2213
List the prime factors of 244707.
3, 81569
What are the prime factors of 14606796?
2, 3, 1217233
What are the prime factors of 120350?
2, 5, 29, 83
List the prime factors of 2782019.
2782019
List the prime factors of 63774.
2, 3, 1181
What are the prime factors of 198381?
3, 89, 743
What are the prime factors of 1535171?
11, 67, 2083
What are the prime factors of 97464?
2, 3, 31, 131
List the prime factors of 671457.
3, 41, 53, 103
List the prime factors of 554927.
554927
What are the prime factors of 5648182?
2, 17, 271, 613
List the prime factors of 1711309.
443, 3863
List the prime factors of 568758.
2, 3, 94793
What are the prime factors of 1758633?
3, 17, 34483
What are the prime factors of 1120366?
2, 13, 41, 1051
Lis